0.
18
Suppose -l - 1 - 2 = 0. Let d = 2 - l. Calculate the remainder when 9 is divided by d.
4
Suppose 0 = -4*c - u + 76, 70 = 5*c - 3*u - 2*u. Let n = c + 30. What is the remainder when n is divided by 25?
23
Suppose w + w + 3*j = 12, 2*j - 4 = -w. What is the remainder when 80 is divided by w?
8
Let m(b) = b + 1. Let z(o) = -o**2 - 9*o - 11. Let t = -1 - 0. Let f(c) = t*z(c) - 5*m(c). Calculate the remainder when 10 is divided by f(-4).
4
Suppose -6*m - 10 = -a - 2*m, -2*m + 72 = 5*a. Suppose 0 = -4*c + 4*t + 124, c - 4*c + 98 = -4*t. Calculate the remainder when c is divided by a.
12
Calculate the remainder when 26 is divided by (-436)/(-40) - (-3)/30.
4
Suppose -2*z = 5*p + 2*z - 49, -21 = -p + 2*z. What is the remainder when 36 is divided by p?
10
Suppose 5*w = 2*w + 15. Calculate the remainder when 43 is divided by w.
3
Suppose -2*b + 17 = 2*t - 3, 2*t = 10. Suppose 0 = 2*z + b*y - 125, -3 = -y + 2. What is the remainder when z is divided by 17?
16
Let y = 8 + -3. Suppose y*v = 2*t + 87, v - 4*t + 0*t = 3. Let d = v + 8. What is the remainder when d is divided by 14?
13
Let z(a) = 0*a + 2*a**2 - a**2 + 2*a - a. What is the remainder when 34 is divided by z(-4)?
10
Let u(i) = -11*i + 4. Let o be u(-5). Let n = 118 - o. What is the remainder when n is divided by 20?
19
Suppose 3*a = k + 11, -7*a + 5 = -5*k - 2*a. Let s = 1 + k. Calculate the remainder when s is divided by (-15)/(-6)*(-42)/(-35).
2
Let r be (3 + -1 - 3)*-3. Suppose -2*o = t - 0 - 141, r*o - 204 = -3*t. What is the remainder when o is divided by 19?
16
Let z(d) = d**2 + 3*d. Calculate the remainder when 55 is divided by z(4).
27
Let r = 2 - -14. Suppose -2*i + 5*i + 6 = -5*a, 8 = 3*a - 4*i. Suppose -n + a*n + 6 = 0. What is the remainder when r is divided by n?
4
Let r(h) = 8*h - 3. Suppose 5*q - 35 = -0*q. What is the remainder when r(2) is divided by q?
6
Suppose 0 = 2*q - 3*y - 127, -4*q + 2*y + 48 = -194. Calculate the remainder when q is divided by 12.
11
Suppose -5*x + 0*n + 3*n = -29, -n = 3. Suppose -2*k - 50 = -54. What is the remainder when x is divided by k?
0
Let n(v) = 3*v**2 + 1. Let o be n(1). Suppose 225 = o*t + t. Suppose -4*d + 9*d + t = 5*w, -d = 2*w - 27. Calculate the remainder when 23 is divided by w.
11
Suppose 22 = -2*u + 2*l, 0*l = 4*u - l + 32. Let j be u/1*1 + 2. What is the remainder when 6 + j + 25/1 is divided by 9?
8
Let l(q) be the third derivative of -5*q**4/6 - q**3/6 + 3*q**2. Calculate the remainder when l(-1) is divided by ((-2)/4)/1*-14.
5
Suppose -7*s + 3*s + 76 = 0. Let m(v) = -v**3 + 3*v**2 + 3*v + 2. Let f be m(3). Let r = -4 + f. What is the remainder when s is divided by r?
5
Suppose -p + 16 = -0*p. What is the remainder when 61 is divided by p?
13
Let p = 14 + 11. Suppose -4*d + 38 = -a - 0*a, -5*d - 2*a = -41. Calculate the remainder when p is divided by d.
7
Suppose 0 = 7*g - 4*g - 129. What is the remainder when 165 is divided by g?
36
Suppose -91 + 7 = -4*r. What is the remainder when r is divided by 3?
0
Suppose -23 = -l + 2*l - 5*m, -5*m + 5 = 5*l. Let c(p) = -p**3 + p**2 + p - 3. What is the remainder when c(l) is divided by 16?
14
Let t = 7 + 2. What is the remainder when 33 is divided by t?
6
Suppose -2*o - 6 = -4*o. Suppose o*f - 116 = -f. Let r(h) = 2*h**2 - 3*h - 19. Calculate the remainder when r(8) is divided by f.
27
Suppose 31 = 3*a + 4*w + 1, 3*w = 5*a - 79. Suppose 4*m + m - 15 = 0. Suppose 4*v - 53 = m*v. Calculate the remainder when v is divided by a.
11
Let n = 193 - 60. Suppose -4*x + n = 13. Let g(c) = -5*c - 4. What is the remainder when x is divided by g(-4)?
14
Let o(d) be the first derivative of -d**3/3 + 19*d - 2. What is the remainder when o(0) is divided by 7?
5
Let g = -45 + 117. What is the remainder when g is divided by 25?
22
Suppose 0 = -2*x - 4 + 12. Suppose 0*h - x = -2*h - v, -1 = h + 2*v. Suppose 4 = t + 3. Calculate the remainder when h is divided by t.
0
Let u(y) = 14*y - 1. Calculate the remainder when 53 is divided by u(2).
26
Let d be 1*-3 - (-2)/2. Let m(p) = -11*p - 1. Suppose 3*o = 4*s - 47, -5*s = 7*o - 2*o - 50. Calculate the remainder when m(d) is divided by s.
10
Let p(f) = f**3 - 6*f**2 - 6*f + 8. Suppose 2*v + 55 = m, 4*m + v - 240 = -v. What is the remainder when m is divided by p(7)?
14
Suppose -5*z = -3*u - 0*u + 3, 5*u = z + 5. Suppose 2*r = 35 + u. Calculate the remainder when 34 is divided by r.
16
Suppose 0 = g - 25 - 3. Let z = -8 - -17. Let i = g - z. Calculate the remainder when i is divided by 7.
5
Suppose 51 = 2*n + 215. Let j = 125 + n. Suppose -3*h + 45 = -0*h. Calculate the remainder when j is divided by h.
13
Suppose -v - 4*v = -45. Calculate the remainder when 25 is divided by v.
7
Suppose -3*c - 68 = -n - n, -177 = -5*n + 4*c. What is the remainder when n is divided by 13?
11
Suppose 4*m + 280 + 536 = 0. Let s = m - -303. Calculate the remainder when (1/3)/(3/s) is divided by 4.
3
Let f be (2/6)/(1/21). Suppose -7 - 5 = m. What is the remainder when (20/f)/(m/(-42)) is divided by 4?
2
Let u = 0 - -2. Suppose u*c = -c. Suppose 4*v + 4*n + n - 183 = 0, -v - n + 47 = c. What is the remainder when v is divided by 18?
16
Let c be (-1704)/(-16) - 3/2. Suppose 3*d - d + 75 = 5*a, 4*d - c = -5*a. What is the remainder when 31 is divided by a?
14
Let n(q) = -q + 10. Let w be n(-7). Let m(p) = p**2 - 3*p - 6. Let t be m(5). Let c = w - t. Calculate the remainder when c is divided by 7.
6
Let o = -1 - -2. Let a = 1 + o. Calculate the remainder when a/(-4) - 63/(-6) is divided by 6.
4
Let w be 3/(((-15)/2)/(-5)). Suppose w*z = 11 + 25. What is the remainder when 71 is divided by z?
17
Let k = 3 - 7. Let x = k + 13. What is the remainder when 26 is divided by x?
8
Suppose 0 = -w + 29 + 39. Let k = -37 + w. What is the remainder when k is divided by 11?
9
Suppose -4*j + j = 0. Let v(q) = -q**2 + 12. What is the remainder when 35 is divided by v(j)?
11
Suppose -2*r + 19 = -3. Calculate the remainder when 2/(-7) + 745/35 is divided by r.
10
Suppose -a - 1 = -6. Suppose -a*k = -m + 7, -5*m + 11 = -4*m - k. Calculate the remainder when 45 is divided by m.
9
Let j(z) = -3*z**3 - 2*z**2 + z - 2. What is the remainder when 45 is divided by j(-2)?
9
Suppose -4*f + 2 = -14. What is the remainder when 14 is divided by f?
2
Calculate the remainder when 45 is divided by (-2376)/(-104) + 4/26.
22
Suppose 130 = 5*l - 295. What is the remainder when l is divided by 30?
25
Suppose q + 3*v = 9, 0 = q - 3*v - 1 + 4. Calculate the remainder when 11 is divided by q.
2
Calculate the remainder when -1*1/(-4) - 143/(-52) is divided by 1.
0
Let m(n) = 4*n - 16. Let y = 8 + -4. Suppose -2*l = i + 2*l + 2, 0 = -2*i - 4*l + y. Calculate the remainder when i is divided by m(5).
2
Let j(z) = z**3 - 3*z**2 + 3*z - 2. Let r be j(2). Suppose r = -3*g - g + 16. What is the remainder when 44 is divided by (-2)/g - (-47)/2?
21
Let v = -26 + 43. Calculate the remainder when 31 is divided by v.
14
Let f(d) = -4*d - 8. Calculate the remainder when f(-7) is divided by 12.
8
Let p(f) = -2*f. Let l be p(8). Let d = 8 + l. Let y(v) = v**2 + 8*v + 8. What is the remainder when 22 is divided by y(d)?
6
Let o(a) = 1 - 2 + 3 + 13*a. Calculate the remainder when o(3) is divided by 93/21 + -4 - 190/(-14).
13
Let b(r) = -r**2 - r - 1. Let q(s) = 16*s**2 + 2*s + 3. Let y(j) = 2*b(j) + q(j). Suppose 6*v + 3 = 9. Calculate the remainder when 28 is divided by y(v).
13
Let k(s) = 2*s**2 + 6*s - 8. Let m be -6 - (0 + 0 - 0). Let i be k(m). Let c = i - 20. What is the remainder when c is divided by 3?
2
Let o(f) = -3 + 0 + 5*f + 2 - f**2. Let j be o(5). Calculate the remainder when 2*1 - 18/j is divided by 7.
6
Let s = 55 + -22. What is the remainder when s is divided by 9?
6
Let g = -8 - -9. Suppose 4*b = 3*b. Let p = b - -2. Calculate the remainder when p is divided by g.
0
Suppose 0 = -4*w + 2*h + 468, -h = -4*w + 435 + 37. Calculate the remainder when w is divided by 11.
9
Suppose 5*l - 2*t = 116, -2*l = 4*t - 44 - 12. Calculate the remainder when l is divided by 5.
4
Let o = -12 - -27. Calculate the remainder when o is divided by 3.
0
Let x(w) = w**2 - 9*w + 4. Let a be x(9). Suppose -4*l + 0 - 8 = 2*p, 2*l = -3*p + a. Calculate the remainder when p is divided by 2.
0
Suppose 2*g = -0*g + 10. Suppose -3*w = -m - 29, -g*